e of 7*n**3/6 + n**2/2 - 2*n. Determine s(q).
-20
Let i(h) = -51*h - 5 - h**2 + 3 + 1 + 130*h - 64*h. Determine i(0).
-1
Let w(o) be the second derivative of -5*o**3/6 + 8*o**2 - 3639*o. What is w(-8)?
56
Let n(g) = -7*g**2 - 4*g + 4. Let b be (41/205)/(-2 - 31/(-15)). Calculate n(b).
-71
Let c(g) be the first derivative of 2*g**2 - 20*g - 314. What is c(9)?
16
Let q = 3 - 1. Let t(i) = -59*i**2 + 8*i - 2*i + 1 + 60*i**q. Let p be 2 - (18/2 - 1). Determine t(p).
1
Suppose 57*k + y = 52*k + 34, -k + 4*y = -32. Let q(r) = -r**3 + 9*r**2 - 5*r - 16. Calculate q(k).
8
Suppose 11*l - 14*l = -9. Suppose 0*a + l*a + 31 = -4*u, 3*a + 19 = -u. Let n(h) = 4 - 1 + 4 - 5*h - 2*h**2. Determine n(a).
-18
Let j = 97606 + 31856. Let v(u) = -u + 3*u - 129455*u**2 + j*u**2 + 1. Calculate v(-1).
6
Let a(s) = -2*s**2 + 51*s - 68. Let n be a(24). Let k(z) be the third derivative of 0 - 14*z**2 + 0*z - 1/2*z**3 - 1/20*z**5 - 1/8*z**n. Calculate k(-2).
-9
Suppose 2*f - 15 = -3. Let r(q) = 9*q**2 - 10*q + 12. Let c(b) = 9*b**2 - 12*b + 14. Let s(y) = f*r(y) - 5*c(y). Calculate s(2).
38
Suppose 6*r + 19 = -5. Suppose 0 = -8*n + 6*n - 6. Let k(y) = -1. Let u(h) = 5*h + 9. Let g(i) = n*k(i) - u(i). Determine g(r).
14
Let k(b) = 21*b**2 - 27*b - 58. Let a(s) = 37*s**2 - 47*s - 102. Let q(t) = 9*a(t) - 16*k(t). Calculate q(-1).
-2
Let y(i) = -i**2 + 2*i + 3. Suppose 2*o + 0*m - 2*m - 6 = 0, o + 6 = -2*m. Suppose 16*a - 12 - 36 = o. Suppose -a*d + 12 = 3*f - 2*d, 8 = 2*f - 3*d. Give y(f).
-5
Let x(k) = -k**3 - 6*k**2 + 11*k + 6. Let l(c) = -c**3 - 23*c**2 + 11*c + 47. Let w be l(-23). Let s = w - -199. Determine x(s).
-22
Suppose -3*f + 5 - 10 = g, 5*f = g - 19. Let n be (-3)/(-15) - 12/(-15). Let k(l) = -4*l + 5. Let i(u) = -u - 1. Let m(z) = n*k(z) - 3*i(z). Give m(g).
4
Let r(h) be the first derivative of -h**4/12 - h**3/2 - 2*h**2 - 114*h - 88. Let y(j) be the first derivative of r(j). Give y(-3).
-4
Let l(r) = 2*r**2 - 7*r - 3. Let z(v) = -v**2 + 4*v + 2. Let d(m) = -3*l(m) - 5*z(m). Let j(b) = 791*b + 1579. Let q be j(-2). Determine d(q).
-13
Let w(z) = -17 - 20 - 20 - 17 + 8*z + 76. Give w(-4).
-30
Let d(o) = -o**3 - 13*o**2 + 23. Let b(j) = 2*j**3 + 32*j**2 + j - 47. Let h(y) = -2*b(y) - 5*d(y). What is h(0)?
-21
Let c(t) = 2*t**2 - 49*t + 62. Suppose b - 23 = -0*b - 4*s, -3*b - 5*s = -69. Give c(b).
-7
Let b(r) be the third derivative of -r**6/120 - r**5/30 + r**4/12 + 17*r**3/6 + 1278*r**2 - r. Give b(-3).
20
Let l(u) = -u**3 + 589*u**2 + 3*u**3 + 0*u - 591*u**2 - 2*u - 1 + 2*u**3. What is l(-1)?
-5
Let w(v) be the third derivative of -v**5/60 - v**4/24 + 5*v**3/6 + 389*v**2 + v. Determine w(6).
-37
Let d be (20/5 + -2)/(1 - 0). Suppose -2*w - 4*f - 7 = -9, 0 = -d*w + 2*f - 16. Let u(n) = n**2 + 6*n - 4. Determine u(w).
-9
Let o(k) = 3*k**2 - 18*k - 76. Let s(n) = -7*n**2 - 6*n + 15*n**2 - 7*n**2 - 25. Let c(z) = -2*o(z) + 7*s(z). What is c(9)?
4
Suppose 5*x + 4*y - 313 = 0, 14*y = 3*x + 9*y - 210. Let u(f) = -33 - 34 + x + 2*f - 2*f + 2*f. What is u(12)?
22
Let w be (-2)/(11*2/143) - -7. Let x(d) = 2*d**2 + 16*d + 31. Calculate x(w).
7
Let j(r) = -15*r + 5. Let p(t) = 2*t + 1. Let u(x) = -x**3 + 5*x**2 - 44*x + 299. Let o be u(6). Let y(q) = o*j(q) - 6*p(q). What is y(-7)?
-32
Let t(q) = 4*q + 8. Let c(i) = 12*i + 24. Let x(w) = -6*c(w) + 17*t(w). Let o be (2 - (-112)/(-58)) + 120198/17342. Determine x(o).
-36
Let h be 16/(-12)*(-9)/(-1). Let x = -10 - h. Let p(s) = 17*s - 3*s + 1 - 4*s - 12*s + 15*s**x. Give p(1).
14
Let b(r) = -2*r**2 + 126*r - 470. Let k be b(59). Let s(c) = 2*c**3 + 2*c - 1. What is s(k)?
19
Suppose 4*l - 2*f = 72, 273 - 249 = l - 2*f. Let w(o) = -2*o**2 + 30*o + 53. Calculate w(l).
21
Let c(x) be the third derivative of -19*x**5/60 + x**4/24 + x**3/6 - x**2. Suppose -3*s = -9, -4*s + 8 = -2105*f + 2109*f. Give c(f).
-19
Let c(a) = 14*a - 25. Let g(v) = 18*v - 27. Let u(k) = 6*c(k) - 5*g(k). Determine u(9).
-69
Let r(z) = -2*z**2 + 40*z - 3. Let p(t) = 8*t**2 - 178*t + 13. Let j(x) = -4*p(x) - 18*r(x). Calculate j(2).
2
Suppose -2*c - 500 = k, 2227 = -4*k - c + 262. Let z = 783 + k. Let q(o) = -295*o**2 + 0*o - 2*o + z*o**2. Calculate q(-3).
-12
Let o(q) be the third derivative of -q**6/720 + q**5/60 + 47*q**4/6 + 4*q**2 + 1. Let u(d) be the second derivative of o(d). Give u(8).
-6
Suppose p - 5*v - 6 = 0, 4*p = -0*p - 4*v + 24. Let l(s) be the third derivative of -s**2 + 1/60*s**5 - 5/24*s**4 + 1/6*s**3 - 7*s + 0. What is l(p)?
7
Let j(a) = -6*a**3 + 28*a**2 + 37*a + 3. Let d(z) = 4*z**3 - 18*z**2 - 23*z - 2. Let k(q) = 8*d(q) + 5*j(q). Let v be 0 - 4/(8/(-6)). What is k(v)?
20
Let i(x) be the third derivative of -4 + 0*x + 0*x**3 - 3/8*x**4 - 6*x**2 - 1/60*x**5. Calculate i(-7).
14
Let j(x) = x + 2. Let y(b) = -b**3 + 6*b**2 + 8*b - 8. Let s(n) = -n**3 + 9*n**2 + 36*n + 7. Let t be s(12). Let h be y(t). Calculate j(h).
1
Let t(o) = 5*o**2 - 3*o + 3. Let j(p) = p - 2. Let w be j(8). Suppose 47 = 4*s - 45. Suppose -11 + s = w*y. Give t(y).
17
Let r(l) = -l - 2. Let w(x) = x + 1. Let f(v) = 7*r(v) + 6*w(v). Let z be (372/(-30) - -6) + 4/10. Calculate f(z).
-2
Let d(t) = t + 4. Let g = -24 - -29. Suppose -g*i + 4*c + 16 - 10 = 0, -2*i = -c - 3. Calculate d(i).
6
Let l(i) = -2*i**3 - 11*i**2 - 9*i + 19. Let b(g) = -11*g**3 - 65*g**2 - 55*g + 112. Let a(f) = -3*b(f) + 17*l(f). What is a(9)?
14
Let h(s) be the third derivative of -262*s**2 + 1/30*s**5 + 0*s - 1/24*s**4 + 0 + 0*s**3. Determine h(-4).
36
Let c(k) = 4 + 2*k - 1 - 4. Let y = 795 + -771. Let l(g) = -4*g**2 + 101*g - 116. Let r be l(y). What is c(r)?
7
Suppose 19*g - 146 - 44 = 0. Let a(k) = k**3 - 11*k**2 + 15*k - 45. Let o be a(g). Let v(q) = 8 - q - 4 + 8. Determine v(o).
7
Let j = 11 - 9. Let f be (4 + -1)/(-9) + 62/6. Let y(b) = -b - 4 - 7 + f. Give y(j).
-3
Suppose 0 = -2*w + 6*n - n - 17, 2*w = n - 13. Let b be -1*(-1)/(-2)*w/1. Suppose 3*g + 4 = -2*o - b, -g = -5*o - 9. Let z(l) = 13*l + 1. Calculate z(g).
-12
Let k(u) = 6*u**2 - u**3 - 2791 - 2809 + 5588 + 4*u. Determine k(7).
-33
Let p(x) = 7*x**2 + 9203 - 10*x - 4604 - 4605. Let l(r) = -18*r**2 + 21*r + 14. Let y(g) = -2*l(g) - 5*p(g). Calculate y(-3).
-13
Let i(x) = -5*x**2 - 2*x + 1. Suppose 5*l = 5*u + 4*l - 20, u = 2*l + 13. Suppose 4*n + 3*o = 23, -o = 3*n - 1 - 15. Suppose -u*j + n = -1. What is i(j)?
-23
Suppose 0 = 4*t + 4 + 16. Let b = t - 0. Let a(u) = 11*u**2 - u - 19. Let w(c) = 8*c**2 - 2*c - 14. Let k(i) = 3*a(i) - 4*w(i). What is k(b)?
-1
Let p(j) = -8*j**3 - 46*j**2 + 49*j - 19. Let u(y) = 13*y**3 + 68*y**2 - 73*y + 30. Let d(m) = 8*p(m) + 5*u(m). Give d(27).
-2
Let h(a) = a**2 - 8*a + 6. Let i(q) = -q**3 + 6*q**2 - 5*q - 2. Let f be i(2). Let w be h(f). Let m(d) = -d**2 - 11*d - 7. Determine m(w).
3
Suppose -63*r + 12 = -62*r. Let s(k) = -1 - k + 12*k**2 - k**2 - r*k**2. Let d(a) = 3*a**2 - 4*a + 8. Let l(h) = -d(h) - 2*s(h). What is l(6)?
-6
Let k be (-36)/324*0/11. Let s(w) = -2*w**2 + 5*w - 4. Determine s(k).
-4
Let y(h) be the third derivative of -1/60*h**5 + 65*h**2 + 0*h + 4/3*h**3 + 0 - 7/24*h**4. What is y(-7)?
8
Let q(z) = 5*z + 31. Let b be 48/(-32)*-6 + -18. Give q(b).
-14
Let f(n) be the second derivative of -n**5/20 - n**4/12 - 13*n**2/2 + 47*n + 3. Let q be (-2 - -4)*2 - 1. Let k be (-2)/q - (-14)/21. What is f(k)?
-13
Let v(u) = -u**3 + 4*u**2 + 13*u - 9. Let m = 1835 + -1829. Determine v(m).
-3
Let j(t) = -t + 2. Let f(d) = -d**3 - 2*d - 2. Suppose 0 = -5*q + 8*q - 3. Let s = -1 + q. Let p be f(s). What is j(p)?
4
Suppose 0 = 8*b - b - 21. Let l(w) = 30*w**3 - 6*w**2 - b + 24*w**3 - 53*w**3. Let c(q) = 2*q**3 - 12*q**2 - 7. Let m(f) = 4*c(f) - 9*l(f). What is m(6)?
-1
Let l(g) = -g**3 + 10*g**2 - 10*g + 3. Let y be l(9). Let q(f) = -178 + f**2 + 5*f - 5*f + 183 + 4*f + 3*f. Calculate q(y).
-1
Let b(s) = -s**3 + 6*s**2 - 5. Let m(c) = -5 - 11*c + 26*c + 2*c**2 - 13*c - 10*c. Let v be m(5). Determine b(v).
20
Let s = 11113/3 - 3704. Let w(i) be the first derivative of i**2 - 2 - s*i**3 - 6*i. Determine w(5).
-21
Let k(a) = a**2 - 7*a + 7. Suppose -2*p - 27 = -11*p. Let u(l) = p*l - 80 - l + 73. Let x be u(6). What is k(x)?
-3
Let b(t) = -t**3 + 29*t**2 - 28*t + 2. Let i be b(28). Let s(f) = -f**3 + 4*f**2 - 6*f - 2. Let p be s(i). Let v(g) = -g**2 - 7*g - 3. Give v(p).
3
Let l = -1381/44 +